28/2*(1 - 0). What is the greatest common factor of p and 19?
19
Suppose 0 = 4*d - 43 - 9. Suppose 4*w + 21 + d = 5*z, -2*w - 26 = -4*z. Let n be 4*2*15/4. Calculate the greatest common factor of z and n.
6
Let v = 18 - -15. Let z(t) = 2*t**3 + 5*t**2 + t - 2. Let b be z(-4). Let y = -32 - b. Calculate the highest common factor of y and v.
11
Let c be (-40)/12*(3 - -3). Let x = c + 24. What is the greatest common factor of x and 1?
1
Let f = -6 - -3. Let r be (0 + (-3)/f)*0. Let c be r - 1/(-2)*14. Calculate the greatest common divisor of 1 and c.
1
Let l be 106/3 - 24/18. Suppose 0*j + 2*j + 77 = 5*q, q - 33 = -4*j. Calculate the highest common divisor of l and q.
17
Let o be -1 + ((-11)/((-22)/12))/2. Calculate the highest common factor of o and 4.
2
Suppose 0 = -5*r + 4*y + y + 15, 4 = 3*r - 4*y. Let b be (r - -2)/(-2)*-5. Let o = 640 + -415. Calculate the greatest common factor of b and o.
25
Suppose -2*q - 309 = -3*t - 6*q, -195 = -2*t + q. Suppose 0*j - 2*j = -18. Calculate the greatest common factor of t and j.
9
Suppose 0 = -3*g - 4*f + 772, -3*g + g = 5*f - 524. Calculate the highest common divisor of 28 and g.
28
Suppose 0 = 3*m - 2*a + 19, a = 4*m + 22 - 5. Let x be (7/(-7))/((-2)/(-18)). Let b be 28 + m/(x/6). What is the highest common divisor of b and 20?
10
Let f(q) = q**3 + 8*q**2 - 10*q + 7. Let p be f(-9). Let l be p/(3 - (-14)/(-6)). Let y be (7 + -5)*(-8)/(-2). What is the highest common divisor of y and l?
8
Suppose 32 - 7 = h. What is the highest common divisor of 5 and h?
5
Suppose 24 = 4*p - p. Suppose -l = l - p. Suppose 80 = 6*j - 4*j. Calculate the highest common factor of l and j.
4
Suppose -3*c + 5*g = -13, 0 = 3*c - g - 2*g - 15. Let o = c - -8. What is the highest common divisor of o and 56?
14
Let o be (0 + -2)/((-4)/42). Suppose o - 1 = m. Suppose -3*l - 20 = -5*l. Calculate the highest common divisor of l and m.
10
Suppose 4*i - 3 = 5*i, 0 = 3*w - i - 12. Let m(b) = -b**3 + 4*b**2 - 3. Let s be m(w). Calculate the greatest common factor of 15 and s.
3
Let r(h) = 26*h. Let f be r(1). Suppose -137 = -2*i - x, 2*x - f = i - 102. Calculate the greatest common factor of i and 10.
10
Let h(f) = f + 1. Let q be h(4). Suppose j - q*j + 52 = 4*p, 2*j - 41 = -5*p. Calculate the highest common divisor of 24 and j.
8
Let o = 3 + 0. Suppose -o*l - 9 = 4*c, -2*c = -0*l - 3*l + 9. What is the highest common divisor of 2 and l?
1
Let u(y) = y - 103. Let a be u(0). Let b = 158 + a. What is the greatest common divisor of b and 11?
11
Let w be 24*(1 - (-1)/(-2)). Let b be 5/3 - 3/(-9). Suppose -3*q = b*n - 34, 0 = 4*q - 3*q + 4*n - 8. What is the greatest common divisor of w and q?
12
Let b(o) = -1 + 13 - o**2 + 0*o**2. Let c be b(0). What is the highest common divisor of c and 3?
3
Let l(m) = -2*m**3 - 4*m**2 + 7*m - 3. Let z be l(-4). Let u(v) = -v**3 - 7*v**2 + 4*v - 10. Let y be u(-8). Calculate the greatest common factor of z and y.
11
Let i = -7 - -25. What is the greatest common factor of i and 27?
9
Let v(m) = -m**3 + 18*m**2 - 18*m + 21. Let i be v(17). Suppose -33 = -3*u - i*q, -2*q + 6 = -5*u + 35. What is the highest common factor of u and 28?
7
Let y be 3 + 0 - (1 - 0). Let x(h) = 16*h - 4. Let i be x(7). Suppose -2*w - w = v - 48, 0 = -y*v - 3*w + i. What is the greatest common factor of 24 and v?
12
Let j(p) = 13*p**2 + 4*p - 5. Let c be j(1). Suppose 0*f + 7 = d + 4*f, 0 = -2*d - 5*f + 5. Let i = d + c. Calculate the highest common divisor of 1 and i.
1
Let n be 9/7 + (-2)/7. Suppose 5*a + 0*r = -r + 5, 3*a - 2*r - 16 = 0. Suppose a*h = -0*h + 10. Calculate the highest common factor of h and n.
1
Let q be (-4)/(-18) - (-316)/36. Let r = 16 - 11. Suppose -7 = -2*j + r. What is the greatest common factor of q and j?
3
Suppose 0*v + v = 0. Let s(o) = -o**2 + 95. Let k be s(v). Let u(g) = g**2 - g - 1. Let m be u(-4). What is the greatest common factor of m and k?
19
Let m = -107 + 60. Let v = m - -87. What is the highest common divisor of 8 and v?
8
Suppose 0 = -4*y - 11 + 47. Suppose 3 = -3*q, 4*t - 4*q = -y*q + 11. Calculate the greatest common divisor of 4 and t.
4
Suppose 5*v + h = 78, h - 2 = -3*v + 46. Calculate the highest common divisor of v and 60.
15
Suppose -5*r + 4*j + 630 = -0*r, -2*j = 0. Let t = r - 62. Calculate the highest common factor of 16 and t.
16
Suppose 4*u - x - 110 = -2*x, 5*u + 5*x - 130 = 0. What is the highest common divisor of u and 196?
28
Let k be -2*((-76)/(-20))/(4/(-10)). Calculate the greatest common factor of k and 76.
19
Let b = 124 + -44. Suppose -5*c = -u - 5, 2*c = -0*u - 2*u + 14. Let n be c/(-4) + (-42)/(-4). Calculate the highest common factor of b and n.
10
Let c = 5 - 5. Suppose -2*m - 2*v = -v - 11, -5*v - 25 = c. What is the highest common divisor of m and 64?
8
Let y = 172 - 64. What is the highest common factor of y and 12?
12
Let b be ((-36)/24)/(2/(-28)). Calculate the highest common divisor of b and 3.
3
Suppose 44 = 16*o - 12*o. Suppose -3*z = 2*z - 55. What is the highest common factor of o and z?
11
Suppose c - k - 4 = 0, -4*c - 12 + 52 = 2*k. Let o(v) = -v**3 - 5*v**2 - 6*v - 6. Let r be o(-4). What is the highest common factor of c and r?
2
Suppose 3*l - 4 - 2 = 0, -4*l + 1133 = 5*x. What is the highest common divisor of x and 25?
25
Suppose 0*s - 10 = -s. Suppose -2*k + 4*o = -34, -2*k + o = 4*o - 27. What is the highest common divisor of k and s?
5
Let s = 1 - -1. Suppose -s*u - 2*t = -52, 2*t + 53 = 2*u + 5*t. Calculate the greatest common divisor of 5 and u.
5
Let a be 4/6*(1 + 2). Suppose -1 = a*i - 29. What is the highest common divisor of i and 112?
14
Suppose 3*a - 3*f - 18 = 0, -3*a - 4*f - 1 - 9 = 0. What is the highest common factor of 14 and a?
2
Let f(i) = -6*i - 4. Let w(v) = v. Let x(d) = f(d) + 4*w(d). Let b be x(-11). Calculate the greatest common divisor of b and 45.
9
Suppose 3*y + 2*z = 76, z = -4*y + 2*y + 50. What is the highest common divisor of 60 and y?
12
Let s be 3*3/18*2. Let h(k) = k**3 - k**2 - 4*k. Let o be h(3). Calculate the greatest common factor of o and s.
1
Let g = 3 - 3. Suppose p = -2*d + 93, g = 2*d - 3*p - p - 68. Calculate the greatest common factor of 4 and d.
4
Let b be (-555)/(-18) - 14/(-84). Let o(i) = i + 279. Let d be o(0). What is the greatest common divisor of d and b?
31
Let v = 165 - 117. Calculate the highest common factor of v and 120.
24
Let f(w) = w**2 + 8*w + 5. Let b be f(-9). What is the highest common factor of b and 154?
14
Let u(l) = -4*l - 12. Let g be u(-19). What is the greatest common factor of 4 and g?
4
Let c = -23 + -34. Let x = c - -127. Calculate the greatest common factor of x and 14.
14
Let i = 64 - 9. Suppose -2*g = 2*g + 48. Let w = -1 - g. What is the greatest common divisor of i and w?
11
Let j be (-104)/(-18) + -6 + 148/18. Calculate the greatest common divisor of j and 2.
2
Let u be (200/(-14))/(4/(-14)). Calculate the greatest common factor of 30 and u.
10
Let w(n) = 137*n - 7. Let c be w(1). What is the highest common divisor of 10 and c?
10
Let x(k) = -k**2 + 10*k - 4. Let q be x(8). Let c be (-24)/6 - (-24 - -2). Calculate the highest common factor of c and q.
6
Let v(x) = 19*x**2 + x. Let s be v(1). Let b = -15 + s. Calculate the greatest common factor of b and 15.
5
Suppose 16 = -3*v - 11. Let g = 17 + v. Let o(x) = x**2 - 8*x + 6. Let f be o(g). Calculate the greatest common divisor of f and 42.
6
Suppose -1 + 16 = 5*f - 4*j, 0 = 2*f - 2*j - 6. Calculate the greatest common factor of f and 9.
3
Suppose -2*u + 0*u + 22 = 0. Suppose -1155 = -5*m - 16*m. Calculate the highest common factor of u and m.
11
Suppose -7*y + 3*y = -196. Suppose -w + 5*i = 3, -i - 8 = -5*w + y. What is the highest common factor of 48 and w?
12
Suppose -4*m + j = -129, 2*m + 2*m + 4*j = 144. What is the highest common factor of m and 33?
33
Suppose -2*c - 3*c + d = 95, 2*c - 2*d = -30. Let z be c/(-25)*(-10)/(-2). What is the highest common factor of z and 16?
4
Let u be 4 + 2 + -2 + -3. Suppose 5*s = -5, -s + 4 = -3*m - u. Let x be m/4 - (-105)/10. What is the greatest common divisor of 10 and x?
10
Let t be -2 - ((1 - 3) + -2). Let f be t/(-4)*(-106 - 0). Suppose -p + 36 = 3*k, -85 = -3*p + k + f. What is the greatest common factor of 9 and p?
9
Let r = -5 - -4. Let u(d) = -14*d**3 + 2*d + 1. L